{"id":700,"date":"2019-04-29T13:45:32","date_gmt":"2019-04-29T13:45:32","guid":{"rendered":"https:\/\/www.milanoitalianstyle.it\/%e6%97%b6%e5%b0%9a-fashion\/"},"modified":"2019-04-29T13:48:07","modified_gmt":"2019-04-29T13:48:07","slug":"fashion","status":"publish","type":"page","link":"https:\/\/www.milanoitalianstyle.it\/zh-hans\/fashion\/","title":{"rendered":"\u65f6\u5c1a &#8211; Fashion"},"content":{"rendered":"[vc_row][vc_column width=&#8221;1\/2&#8243; el_class=&#8221;big-slider&#8221;]<div class=\"slick-services overlay overlay-inverse-dark-35\" data-autoplay=\"true\"><div class=\"services-bg-wrapper\"><div class=\"bg-img  services-bg\" data-bg=\"https:\/\/www.milanoitalianstyle.it\/wp-content\/uploads\/2019\/02\/Fashiom_iStock-182194461.jpg\"><\/div><\/div><div class=\"services-bg-wrapper\"><div class=\"bg-img  services-bg\" data-bg=\"https:\/\/www.milanoitalianstyle.it\/wp-content\/uploads\/2019\/02\/Fashion_iStock-811503210.jpg\"><\/div><\/div><div class=\"services-bg-wrapper\"><div class=\"bg-img  services-bg\" data-bg=\"https:\/\/www.milanoitalianstyle.it\/wp-content\/uploads\/2019\/02\/SocialConvegni_iStock-936337424.jpg\"><\/div><\/div><\/div>[\/vc_column][vc_column width=&#8221;1\/2&#8243;]<div class=\"services-container services-container-dark\"><div class=\"center-container\"><div class=\"center-block\"><h2 class=\"section-heading section-heading-light spacer-line-vertical-light\">\u65f6\u5c1a<\/h2><div class=\"services-txt\">\u6765\u81ea\u7eba\u7ec7\u670d\u88c5\u65f6\u5c1a\u9886\u57df\u7684\u4f18\u8d28\u5c55\u89c8\u548c\u4ea7\u54c1\u5c55\u9500\u4f1a\u3002<\/p>\n<p>\u9ad8\u7aef\u6210\u8863\u7cfb\u5217\u65f6\u88c5\u79c0\u548c\u5c55\u793a\u79c0\u3002<\/p>\n<p>\u7ea4\u7ef4\u548c\u7eba\u7ec7\u54c1\u9886\u57df\u76f8\u5173\u6280\u672f\u7814\u7a76\u6d3b\u52a8\u3002<\/p>\n<p>\u65f6\u88c5\u5b66\u6821\u3001\u9ad8\u6c34\u5e73\u57f9\u8bad\u3002\u7279\u5b9a\u4ef7\u503c\u7684\u6d3b\u52a8\u3002<\/div><\/div><\/div><\/div>[\/vc_column][\/vc_row]\n","protected":false},"excerpt":{"rendered":"<p>[vc_row][vc_column width=&#8221;1\/2&#8243; el_class=&#038;#8 [&hellip;]<\/p>\n","protected":false},"author":2,"featured_media":0,"parent":0,"menu_order":0,"comment_status":"closed","ping_status":"closed","template":"","meta":[],"yoast_head":"<!-- This site is optimized with the Yoast SEO plugin v17.9 - https:\/\/yoast.com\/wordpress\/plugins\/seo\/ -->\n<title>MILANO ITALIAN STYLE rappresenta lo stile di vita italiano - Fashion<\/title>\n<meta name=\"description\" content=\"Mostre e fiere di qualit\u00e0 di prodotti della filiera tessile-abbigliamento-moda. Sfilate e presentazioni di collezioni di pr\u00eat-\u00e0-porter - Fashion\" \/>\n<meta name=\"robots\" content=\"index, follow, max-snippet:-1, max-image-preview:large, max-video-preview:-1\" \/>\n<link rel=\"canonical\" href=\"https:\/\/www.milanoitalianstyle.it\/zh-hans\/fashion\/\" \/>\n<meta property=\"og:locale\" content=\"zh_CN\" \/>\n<meta property=\"og:type\" content=\"article\" \/>\n<meta property=\"og:title\" content=\"MILANO ITALIAN STYLE rappresenta lo stile di vita italiano - Fashion\" \/>\n<meta property=\"og:description\" content=\"Mostre e fiere di qualit\u00e0 di prodotti della filiera tessile-abbigliamento-moda. Sfilate e presentazioni di collezioni di pr\u00eat-\u00e0-porter - Fashion\" \/>\n<meta property=\"og:url\" content=\"https:\/\/www.milanoitalianstyle.it\/zh-hans\/fashion\/\" \/>\n<meta property=\"og:site_name\" content=\"MilanoItalianStyle\" \/>\n<meta property=\"article:publisher\" content=\"https:\/\/www.facebook.com\/Milano-Italian-Style-2475381675847732\/?modal=admin_todo_tour\" \/>\n<meta property=\"article:modified_time\" content=\"2019-04-29T13:48:07+00:00\" \/>\n<meta name=\"twitter:card\" content=\"summary_large_image\" \/>\n<script type=\"application\/ld+json\" class=\"yoast-schema-graph\">{\"@context\":\"https:\/\/schema.org\",\"@graph\":[{\"@type\":\"Organization\",\"@id\":\"https:\/\/www.milanoitalianstyle.it\/#organization\",\"name\":\"MilanoItalianStyle\",\"url\":\"https:\/\/www.milanoitalianstyle.it\/\",\"sameAs\":[\"https:\/\/www.facebook.com\/Milano-Italian-Style-2475381675847732\/?modal=admin_todo_tour\",\"https:\/\/www.instagram.com\/milanoitalianstyle\/\"],\"logo\":{\"@type\":\"ImageObject\",\"@id\":\"https:\/\/www.milanoitalianstyle.it\/#logo\",\"inLanguage\":\"zh-CN\",\"url\":\"https:\/\/www.milanoitalianstyle.it\/wp-content\/uploads\/2019\/02\/logo-black.svg\",\"contentUrl\":\"https:\/\/www.milanoitalianstyle.it\/wp-content\/uploads\/2019\/02\/logo-black.svg\",\"caption\":\"MilanoItalianStyle\"},\"image\":{\"@id\":\"https:\/\/www.milanoitalianstyle.it\/#logo\"}},{\"@type\":\"WebSite\",\"@id\":\"https:\/\/www.milanoitalianstyle.it\/#website\",\"url\":\"https:\/\/www.milanoitalianstyle.it\/\",\"name\":\"MilanoItalianStyle\",\"description\":\"\",\"publisher\":{\"@id\":\"https:\/\/www.milanoitalianstyle.it\/#organization\"},\"potentialAction\":[{\"@type\":\"SearchAction\",\"target\":{\"@type\":\"EntryPoint\",\"urlTemplate\":\"https:\/\/www.milanoitalianstyle.it\/?s={search_term_string}\"},\"query-input\":\"required name=search_term_string\"}],\"inLanguage\":\"zh-CN\"},{\"@type\":\"WebPage\",\"@id\":\"https:\/\/www.milanoitalianstyle.it\/zh-hans\/fashion\/#webpage\",\"url\":\"https:\/\/www.milanoitalianstyle.it\/zh-hans\/fashion\/\",\"name\":\"MILANO ITALIAN STYLE rappresenta lo stile di vita italiano - Fashion\",\"isPartOf\":{\"@id\":\"https:\/\/www.milanoitalianstyle.it\/#website\"},\"datePublished\":\"2019-04-29T13:45:32+00:00\",\"dateModified\":\"2019-04-29T13:48:07+00:00\",\"description\":\"Mostre e fiere di qualit\\u00e0 di prodotti della filiera tessile-abbigliamento-moda. Sfilate e presentazioni di collezioni di pr\\u00eat-\\u00e0-porter - Fashion\",\"breadcrumb\":{\"@id\":\"https:\/\/www.milanoitalianstyle.it\/zh-hans\/fashion\/#breadcrumb\"},\"inLanguage\":\"zh-CN\",\"potentialAction\":[{\"@type\":\"ReadAction\",\"target\":[\"https:\/\/www.milanoitalianstyle.it\/zh-hans\/fashion\/\"]}]},{\"@type\":\"BreadcrumbList\",\"@id\":\"https:\/\/www.milanoitalianstyle.it\/zh-hans\/fashion\/#breadcrumb\",\"itemListElement\":[{\"@type\":\"ListItem\",\"position\":1,\"name\":\"Home\",\"item\":\"https:\/\/www.milanoitalianstyle.it\/zh-hans\/\"},{\"@type\":\"ListItem\",\"position\":2,\"name\":\"\\u65f6\\u5c1a &#8211; Fashion\"}]}]}<\/script>\n<!-- \/ Yoast SEO plugin. -->","yoast_head_json":{"title":"MILANO ITALIAN STYLE rappresenta lo stile di vita italiano - Fashion","description":"Mostre e fiere di qualit\u00e0 di prodotti della filiera tessile-abbigliamento-moda. Sfilate e presentazioni di collezioni di pr\u00eat-\u00e0-porter - Fashion","robots":{"index":"index","follow":"follow","max-snippet":"max-snippet:-1","max-image-preview":"max-image-preview:large","max-video-preview":"max-video-preview:-1"},"canonical":"https:\/\/www.milanoitalianstyle.it\/zh-hans\/fashion\/","og_locale":"zh_CN","og_type":"article","og_title":"MILANO ITALIAN STYLE rappresenta lo stile di vita italiano - Fashion","og_description":"Mostre e fiere di qualit\u00e0 di prodotti della filiera tessile-abbigliamento-moda. Sfilate e presentazioni di collezioni di pr\u00eat-\u00e0-porter - Fashion","og_url":"https:\/\/www.milanoitalianstyle.it\/zh-hans\/fashion\/","og_site_name":"MilanoItalianStyle","article_publisher":"https:\/\/www.facebook.com\/Milano-Italian-Style-2475381675847732\/?modal=admin_todo_tour","article_modified_time":"2019-04-29T13:48:07+00:00","twitter_card":"summary_large_image","schema":{"@context":"https:\/\/schema.org","@graph":[{"@type":"Organization","@id":"https:\/\/www.milanoitalianstyle.it\/#organization","name":"MilanoItalianStyle","url":"https:\/\/www.milanoitalianstyle.it\/","sameAs":["https:\/\/www.facebook.com\/Milano-Italian-Style-2475381675847732\/?modal=admin_todo_tour","https:\/\/www.instagram.com\/milanoitalianstyle\/"],"logo":{"@type":"ImageObject","@id":"https:\/\/www.milanoitalianstyle.it\/#logo","inLanguage":"zh-CN","url":"https:\/\/www.milanoitalianstyle.it\/wp-content\/uploads\/2019\/02\/logo-black.svg","contentUrl":"https:\/\/www.milanoitalianstyle.it\/wp-content\/uploads\/2019\/02\/logo-black.svg","caption":"MilanoItalianStyle"},"image":{"@id":"https:\/\/www.milanoitalianstyle.it\/#logo"}},{"@type":"WebSite","@id":"https:\/\/www.milanoitalianstyle.it\/#website","url":"https:\/\/www.milanoitalianstyle.it\/","name":"MilanoItalianStyle","description":"","publisher":{"@id":"https:\/\/www.milanoitalianstyle.it\/#organization"},"potentialAction":[{"@type":"SearchAction","target":{"@type":"EntryPoint","urlTemplate":"https:\/\/www.milanoitalianstyle.it\/?s={search_term_string}"},"query-input":"required name=search_term_string"}],"inLanguage":"zh-CN"},{"@type":"WebPage","@id":"https:\/\/www.milanoitalianstyle.it\/zh-hans\/fashion\/#webpage","url":"https:\/\/www.milanoitalianstyle.it\/zh-hans\/fashion\/","name":"MILANO ITALIAN STYLE rappresenta lo stile di vita italiano - Fashion","isPartOf":{"@id":"https:\/\/www.milanoitalianstyle.it\/#website"},"datePublished":"2019-04-29T13:45:32+00:00","dateModified":"2019-04-29T13:48:07+00:00","description":"Mostre e fiere di qualit\u00e0 di prodotti della filiera tessile-abbigliamento-moda. Sfilate e presentazioni di collezioni di pr\u00eat-\u00e0-porter - Fashion","breadcrumb":{"@id":"https:\/\/www.milanoitalianstyle.it\/zh-hans\/fashion\/#breadcrumb"},"inLanguage":"zh-CN","potentialAction":[{"@type":"ReadAction","target":["https:\/\/www.milanoitalianstyle.it\/zh-hans\/fashion\/"]}]},{"@type":"BreadcrumbList","@id":"https:\/\/www.milanoitalianstyle.it\/zh-hans\/fashion\/#breadcrumb","itemListElement":[{"@type":"ListItem","position":1,"name":"Home","item":"https:\/\/www.milanoitalianstyle.it\/zh-hans\/"},{"@type":"ListItem","position":2,"name":"\u65f6\u5c1a &#8211; Fashion"}]}]}},"_links":{"self":[{"href":"https:\/\/www.milanoitalianstyle.it\/zh-hans\/wp-json\/wp\/v2\/pages\/700"}],"collection":[{"href":"https:\/\/www.milanoitalianstyle.it\/zh-hans\/wp-json\/wp\/v2\/pages"}],"about":[{"href":"https:\/\/www.milanoitalianstyle.it\/zh-hans\/wp-json\/wp\/v2\/types\/page"}],"author":[{"embeddable":true,"href":"https:\/\/www.milanoitalianstyle.it\/zh-hans\/wp-json\/wp\/v2\/users\/2"}],"replies":[{"embeddable":true,"href":"https:\/\/www.milanoitalianstyle.it\/zh-hans\/wp-json\/wp\/v2\/comments?post=700"}],"version-history":[{"count":2,"href":"https:\/\/www.milanoitalianstyle.it\/zh-hans\/wp-json\/wp\/v2\/pages\/700\/revisions"}],"predecessor-version":[{"id":702,"href":"https:\/\/www.milanoitalianstyle.it\/zh-hans\/wp-json\/wp\/v2\/pages\/700\/revisions\/702"}],"wp:attachment":[{"href":"https:\/\/www.milanoitalianstyle.it\/zh-hans\/wp-json\/wp\/v2\/media?parent=700"}],"curies":[{"name":"wp","href":"https:\/\/api.w.org\/{rel}","templated":true}]}}

时尚 &#8211; Fashion

[vc_row][vc_column width=&#8221;1/2&#8243; el_class=&#8221;big-slider&#8221;]<div class="slick-services overlay overlay-inverse-dark-35" data-autoplay="true"><div class="services-bg-wrapper"><div class="bg-img  services-bg" data-bg="https://www.milanoitalianstyle.it/wp-content/uploads/2019/02/Fashiom_iStock-182194461.jpg"></div></div><div class="services-bg-wrapper"><div class="bg-img  services-bg" data-bg="https://www.milanoitalianstyle.it/wp-content/uploads/2019/02/Fashion_iStock-811503210.jpg"></div></div><div class="services-bg-wrapper"><div class="bg-img  services-bg" data-bg="https://www.milanoitalianstyle.it/wp-content/uploads/2019/02/SocialConvegni_iStock-936337424.jpg"></div></div></div>[/vc_column][vc_column width=&#8221;1/2&#8243;]<div class="services-container services-container-dark"><div class="center-container"><div class="center-block"><h2 class="section-heading section-heading-light spacer-line-vertical-light">时尚</h2><div class="services-txt">来自纺织服装时尚领域的优质展览和产品展销会。</p>
<p>高端成衣系列时装秀和展示秀。</p>
<p>纤维和纺织品领域相关技术研究活动。</p>
<p>时装学校、高水平培训。特定价值的活动。</div></div></div></div>[/vc_column][/vc_row]

<!-- This site is optimized with the Yoast SEO plugin v17.9 - https://yoast.com/wordpress/plugins/seo/ -->
<title>MILANO ITALIAN STYLE rappresenta lo stile di vita italiano - Fashion</title>
<meta name="description" content="Mostre e fiere di qualità di prodotti della filiera tessile-abbigliamento-moda. Sfilate e presentazioni di collezioni di prêt-à-porter - Fashion" />
<meta name="robots" content="index, follow, max-snippet:-1, max-image-preview:large, max-video-preview:-1" />
<link rel="canonical" href="https://www.milanoitalianstyle.it/zh-hans/fashion/" />
<meta property="og:locale" content="zh_CN" />
<meta property="og:type" content="article" />
<meta property="og:title" content="MILANO ITALIAN STYLE rappresenta lo stile di vita italiano - Fashion" />
<meta property="og:description" content="Mostre e fiere di qualità di prodotti della filiera tessile-abbigliamento-moda. Sfilate e presentazioni di collezioni di prêt-à-porter - Fashion" />
<meta property="og:url" content="https://www.milanoitalianstyle.it/zh-hans/fashion/" />
<meta property="og:site_name" content="MilanoItalianStyle" />
<meta property="article:publisher" content="https://www.facebook.com/Milano-Italian-Style-2475381675847732/?modal=admin_todo_tour" />
<meta property="article:modified_time" content="2019-04-29T13:48:07+00:00" />
<meta name="twitter:card" content="summary_large_image" />
<script type="application/ld+json" class="yoast-schema-graph">{"@context":"https://schema.org","@graph":[{"@type":"Organization","@id":"https://www.milanoitalianstyle.it/#organization","name":"MilanoItalianStyle","url":"https://www.milanoitalianstyle.it/","sameAs":["https://www.facebook.com/Milano-Italian-Style-2475381675847732/?modal=admin_todo_tour","https://www.instagram.com/milanoitalianstyle/"],"logo":{"@type":"ImageObject","@id":"https://www.milanoitalianstyle.it/#logo","inLanguage":"zh-CN","url":"https://www.milanoitalianstyle.it/wp-content/uploads/2019/02/logo-black.svg","contentUrl":"https://www.milanoitalianstyle.it/wp-content/uploads/2019/02/logo-black.svg","caption":"MilanoItalianStyle"},"image":{"@id":"https://www.milanoitalianstyle.it/#logo"}},{"@type":"WebSite","@id":"https://www.milanoitalianstyle.it/#website","url":"https://www.milanoitalianstyle.it/","name":"MilanoItalianStyle","description":"","publisher":{"@id":"https://www.milanoitalianstyle.it/#organization"},"potentialAction":[{"@type":"SearchAction","target":{"@type":"EntryPoint","urlTemplate":"https://www.milanoitalianstyle.it/?s={search_term_string}"},"query-input":"required name=search_term_string"}],"inLanguage":"zh-CN"},{"@type":"WebPage","@id":"https://www.milanoitalianstyle.it/zh-hans/fashion/#webpage","url":"https://www.milanoitalianstyle.it/zh-hans/fashion/","name":"MILANO ITALIAN STYLE rappresenta lo stile di vita italiano - Fashion","isPartOf":{"@id":"https://www.milanoitalianstyle.it/#website"},"datePublished":"2019-04-29T13:45:32+00:00","dateModified":"2019-04-29T13:48:07+00:00","description":"Mostre e fiere di qualit\u00e0 di prodotti della filiera tessile-abbigliamento-moda. Sfilate e presentazioni di collezioni di pr\u00eat-\u00e0-porter - Fashion","breadcrumb":{"@id":"https://www.milanoitalianstyle.it/zh-hans/fashion/#breadcrumb"},"inLanguage":"zh-CN","potentialAction":[{"@type":"ReadAction","target":["https://www.milanoitalianstyle.it/zh-hans/fashion/"]}]},{"@type":"BreadcrumbList","@id":"https://www.milanoitalianstyle.it/zh-hans/fashion/#breadcrumb","itemListElement":[{"@type":"ListItem","position":1,"name":"Home","item":"https://www.milanoitalianstyle.it/zh-hans/"},{"@type":"ListItem","position":2,"name":"\u65f6\u5c1a &#8211; Fashion"}]}]}</script>
<!-- / Yoast SEO plugin. -->

Mostre e fiere di qualità di prodotti della filiera tessile-abbigliamento-moda. Sfilate e presentazioni di collezioni di prêt-à-porter - Fashion
